{"id":13,"date":"2021-06-30T09:42:52","date_gmt":"2021-06-30T09:42:52","guid":{"rendered":"http:\/\/travia.local\/?page_id=13"},"modified":"2022-03-08T14:42:14","modified_gmt":"2022-03-08T14:42:14","slug":"karriere","status":"publish","type":"page","link":"https:\/\/travia-service.ch\/?page_id=13","title":{"rendered":"Karriere"},"content":{"rendered":"<h2><span style=\"font-family: arial, helvetica, sans-serif;\"><span style=\"font-size: 18pt;\">Karriere &#8211; Ergreifen Sie ihre Chance!<\/span><\/span><\/h2>\n<p>&nbsp;<\/p>\n<p><img loading=\"lazy\" decoding=\"async\" class=\"aligncenter wp-image-331\" src=\"http:\/\/travia-service.ch\/wp-content\/uploads\/2022\/03\/Karriere_Travia-1024x683.jpg\" alt=\"\" width=\"1200\" height=\"800\" srcset=\"https:\/\/travia-service.ch\/wp-content\/uploads\/2022\/03\/Karriere_Travia-1024x683.jpg 1024w, https:\/\/travia-service.ch\/wp-content\/uploads\/2022\/03\/Karriere_Travia-300x200.jpg 300w, https:\/\/travia-service.ch\/wp-content\/uploads\/2022\/03\/Karriere_Travia-768x512.jpg 768w, https:\/\/travia-service.ch\/wp-content\/uploads\/2022\/03\/Karriere_Travia-1536x1024.jpg 1536w, https:\/\/travia-service.ch\/wp-content\/uploads\/2022\/03\/Karriere_Travia-2048x1365.jpg 2048w, https:\/\/travia-service.ch\/wp-content\/uploads\/2022\/03\/Karriere_Travia-1000x667.jpg 1000w, https:\/\/travia-service.ch\/wp-content\/uploads\/2022\/03\/Karriere_Travia-660x440.jpg 660w, https:\/\/travia-service.ch\/wp-content\/uploads\/2022\/03\/Karriere_Travia-373x248.jpg 373w\" sizes=\"auto, (max-width: 1200px) 100vw, 1200px\" \/><\/p>\n<p>&nbsp;<\/p>\n<p><span style=\"font-family: arial, helvetica, sans-serif; font-size: 14pt;\">Sie suchen eine neue Herausforderung?<\/span><\/p>\n<p>&nbsp;<\/p>\n<p><span style=\"font-family: arial, helvetica, sans-serif;\">Wir sind st\u00e4ndig auf der Suche nach motivierten und flexiblen Pers\u00f6nlichkeiten, die Teil unseres innovativen Unternehmens werden m\u00f6chten. Ergreifen Sie jetzt Ihre Chance und entdecken Sie neue berufliche Perspektiven bei der Travia GmbH.<\/span><\/p>\n<p>&nbsp;<\/p>\n<div id=\"id2_outside\">\n<div id=\"id2_inside\"><span style=\"font-family: arial, helvetica, sans-serif;\">Wir freuen uns auf Ihre Bewerbung an <a href=\"mailto:career@travia-service.ch\">career@travia-service.ch<\/a><\/span><span style=\"font-family: arial, helvetica, sans-serif;\">!<\/span><\/div>\n<\/div>\n","protected":false},"excerpt":{"rendered":"<p>Karriere &#8211; Ergreifen Sie ihre Chance! &nbsp; &nbsp; Sie suchen eine neue Herausforderung? &nbsp; Wir sind st\u00e4ndig auf der Suche nach motivierten und flexiblen Pers\u00f6nlichkeiten, die Teil unseres innovativen Unternehmens&hellip; <a class=\"excerpt-more-link\" href=\"https:\/\/travia-service.ch\/?page_id=13\">Read More<\/a><\/p>\n","protected":false},"author":1,"featured_media":0,"parent":0,"menu_order":0,"comment_status":"closed","ping_status":"closed","template":"page-templates\/full-width.php","meta":{"footnotes":""},"class_list":["post-13","page","type-page","status-publish","hentry"],"_links":{"self":[{"href":"https:\/\/travia-service.ch\/index.php?rest_route=\/wp\/v2\/pages\/13","targetHints":{"allow":["GET"]}}],"collection":[{"href":"https:\/\/travia-service.ch\/index.php?rest_route=\/wp\/v2\/pages"}],"about":[{"href":"https:\/\/travia-service.ch\/index.php?rest_route=\/wp\/v2\/types\/page"}],"author":[{"embeddable":true,"href":"https:\/\/travia-service.ch\/index.php?rest_route=\/wp\/v2\/users\/1"}],"replies":[{"embeddable":true,"href":"https:\/\/travia-service.ch\/index.php?rest_route=%2Fwp%2Fv2%2Fcomments&post=13"}],"version-history":[{"count":24,"href":"https:\/\/travia-service.ch\/index.php?rest_route=\/wp\/v2\/pages\/13\/revisions"}],"predecessor-version":[{"id":335,"href":"https:\/\/travia-service.ch\/index.php?rest_route=\/wp\/v2\/pages\/13\/revisions\/335"}],"wp:attachment":[{"href":"https:\/\/travia-service.ch\/index.php?rest_route=%2Fwp%2Fv2%2Fmedia&parent=13"}],"curies":[{"name":"wp","href":"https:\/\/api.w.org\/{rel}","templated":true}]}}